98839 is divided by 145.
34
What is the remainder when 68597 is divided by 68288?
309
What is the remainder when 8391415 is divided by 4195705?
5
What is the remainder when 9580 is divided by 1107?
724
Calculate the remainder when 6858148 is divided by 22.
0
Calculate the remainder when 1113759 is divided by 499.
490
What is the remainder when 9829823 is divided by 955?
8
What is the remainder when 70018 is divided by 11337?
1996
What is the remainder when 274196 is divided by 14422?
178
Calculate the remainder when 1969427 is divided by 2145.
317
What is the remainder when 1617999 is divided by 1402?
91
Calculate the remainder when 859642 is divided by 33051.
316
What is the remainder when 54812187 is divided by 19?
18
What is the remainder when 324067 is divided by 161187?
1693
Calculate the remainder when 13310974 is divided by 3072.
3070
What is the remainder when 486645 is divided by 168?
117
Calculate the remainder when 8295 is divided by 274.
75
What is the remainder when 30741010 is divided by 145?
140
Calculate the remainder when 95341 is divided by 5937.
349
Calculate the remainder when 1751021 is divided by 1710.
1691
Calculate the remainder when 2246151 is divided by 748710.
21
What is the remainder when 1139619 is divided by 2321?
8
Calculate the remainder when 815196 is divided by 1317.
1290
What is the remainder when 1019371 is divided by 120?
91
What is the remainder when 112895026 is divided by 116?
114
What is the remainder when 70582 is divided by 1333?
1266
Calculate the remainder when 1478143 is divided by 113674.
381
What is the remainder when 1292322 is divided by 430767?
21
What is the remainder when 1908666 is divided by 19?
2
What is the remainder when 345144 is divided by 825?
294
What is the remainder when 946391 is divided by 77?
61
What is the remainder when 526735 is divided by 260?
235
What is the remainder when 292762 is divided by 199?
33
What is the remainder when 9536582 is divided by 454122?
20
Calculate the remainder when 2007807 is divided by 21.
18
Calculate the remainder when 5849887 is divided by 64.
31
Calculate the remainder when 38896 is divided by 12402.
1690
What is the remainder when 654419 is divided by 409?
19
What is the remainder when 11377839 is divided by 2538?
2523
Calculate the remainder when 163044881 is divided by 2002.
2001
What is the remainder when 50935 is divided by 50928?
7
Calculate the remainder when 8168180 is divided by 7757.
59
What is the remainder when 748207 is divided by 145?
7
What is the remainder when 57993 is divided by 2228?
65
Calculate the remainder when 20972 is divided by 5075.
672
Calculate the remainder when 7872651 is divided by 168.
3
Calculate the remainder when 65606 is divided by 65549.
57
Calculate the remainder when 53198 is divided by 2029.
444
What is the remainder when 83091595 is divided by 319583?
15
Calculate the remainder when 2350176 is divided by 216.
96
Calculate the remainder when 15486 is divided by 90.
6
What is the remainder when 484039 is divided by 150?
139
What is the remainder when 100981 is divided by 25209?
145
What is the remainder when 3330011 is divided by 291?
98
Calculate the remainder when 608738783 is divided by 16266.
16265
What is the remainder when 54882 is divided by 27343?
196
Calculate the remainder when 3234208 is divided by 539033.
10
What is the remainder when 429726 is divided by 1919?
1789
Calculate the remainder when 28085393 is divided by 473.
72
Calculate the remainder when 340753787 is divided by 6.
5
Calculate the remainder when 3670932 is divided by 705.
702
What is the remainder when 2661694 is divided by 47?
37
Calculate the remainder when 31879928 is divided by 812.
808
What is the remainder when 8696671 is divided by 16?
15
Calculate the remainder when 37152913 is divided by 96501.
28
What is the remainder when 1087660 is divided by 543742?
176
Calculate the remainder when 3735562 is divided by 1867778.
6
What is the remainder when 113960703 is divided by 4490?
13
What is the remainder when 72208 is divided by 36101?
6
What is the remainder when 2513898 is divided by 628470?
18
What is the remainder when 109690198 is divided by 1220?
1218
What is the remainder when 2680143 is divided by 51?
42
What is the remainder when 1236845 is divided by 6511?
6266
Calculate the remainder when 16177889 is divided by 182.
91
What is the remainder when 649151 is divided by 13811?
34
What is the remainder when 1706695 is divided by 155?
145
Calculate the remainder when 49860 is divided by 4531.
19
What is the remainder when 3016793 is divided by 3016770?
23
What is the remainder when 3745968 is divided by 1872984?
0
Calculate the remainder when 374217 is divided by 268.
89
What is the remainder when 26225 is divided by 12447?
1331
Calculate the remainder when 6293586 is divided by 1506.
12
Calculate the remainder when 903594 is divided by 451791.
12
What is the remainder when 80119572 is divided by 45?
42
What is the remainder when 38960564 is divided by 634?
630
What is the remainder when 11316 is divided by 2633?
784
Calculate the remainder when 6799 is divided by 5024.
1775
What is the remainder when 22232808 is divided by 5219?
5087
What is the remainder when 1342937 is divided by 67?
56
What is the remainder when 3889894 is divided by 1296608?
70
Calculate the remainder when 644461 is divided by 642626.
1835
Calculate the remainder when 3337069 is divided by 24537.
37
What is the remainder when 183434 is divided by 12772?
4626
What is the remainder when 78369274 is divided by 8707695?
19
Calculate the remainder when 4542637 is divided by 191.
84
Calculate the remainder when 75559854 is divided by 35.
34
What is the remainder when 1616011 is divided by 19?
4
Calculate the remainder when 627205 is divided by 627029.
176
Calculate the remainder when 379979 is divided by 12566.
2999
What is the remainder when 592985 is divided by 1193?
64
What is the remainder when 129429 is divided by 18488?
13
What is the remainder when 2881211 is divided by 1440595?
21
What is the remainder when 127571 is divided by 9092?
283
Calculate the remainder when 57937837 is divided by 16.
13
Calculate the remainder when 171548 is divided by 2079.
1070
What is the remainder when 1672701 is divided by 242?
239
Calculate the remainder when 749991 is divided by 1500.
1491
What is the remainder when 2813294 is divided by 36?
2
What is the remainder when 1344586 is divided by 10?
6
Calculate the remainder when 8833181 is divided by 6364.
6313
Calculate the remainder when 35229213 is divided by 1752.
1749
Calculate the remainder when 273171 is divided by 2770.
1711
Calculate the remainder when 1202391 is divided by 400768.
87
What is the remainder when 1349068 is divided by 103?
77
What is the remainder when 51980 is divided by 8555?
650
Calculate the remainder when 2959624 is divided by 591923.
9
What is the remainder when 1807207 is divided by 9716?
31
What is the remainder when 24667 is divided by 17753?
6914
What is the remainder when 89581 is divided by 232?
29
Calculate the remainder when 295491 is divided by 294511.
980
Calculate the remainder when 3212381 is divided by 40662.
83
What is the remainder when 117042 is divided by 16622?
688
Calculate the remainder when 8114523 is divided by 279809.
62
What is the remainder when 398555038 is divided by 69?
67
Calculate the remainder when 5111713 is divided by 17096.
9
Calculate the remainder when 63842624 is divided by 99.
98
Calculate the remainder when 472103 is divided by 2512.
2359
Calculate the remainder when 26243931 is divided by 194.
193
What is the remainder when 759918 is divided by 949?
718
What is the remainder when 806471 is divided by 403203?
65
What is the remainder when 35563956 is divided by 5795?
41
What is the remainder when 3124603 is divided by 257?
254
Calculate the remainder when 5116626 is divided by 568509.
45
What is the remainder when 228209252 is divided by 677?
676
What is the remainder when 231545 is divided by 115395?
755
What is the remainder when 61722906 is divided by 151?
146
What is the remainder when 1151473 is divided by 2?
1
Calculate the remainder when 862305 is divided by 3015.
15
Calculate the remainder when 1833745 is divided by 6.
1
Calculate the re